What is the billions digit of 2220723903?
2
What is the ten thousands digit of 53348739?
4
What is the hundreds digit of 201818781?
7
What is the tens digit of 4585146?
4
What is the units digit of 211830614?
4
What is the hundred thousands digit of 93948548?
9
What is the ten millions digit of 111554713?
1
What is the hundred thousands digit of 1795905812?
9
What is the hundred thousands digit of 119500730?
5
What is the thousands digit of 226435879?
5
What is the millions digit of 205840704?
5
What is the millions digit of 2798982558?
8
What is the ten millions digit of 108771525?
0
What is the ten millions digit of 130193705?
3
What is the ten thousands digit of 32677291?
7
What is the hundreds digit of 1167306051?
0
What is the millions digit of 150985350?
0
What is the ten thousands digit of 64102280?
0
What is the ten millions digit of 707291826?
0
What is the hundreds digit of 149453784?
7
What is the hundred thousands digit of 2984091094?
0
What is the hundred thousands digit of 200197821?
1
What is the units digit of 698110724?
4
What is the ten thousands digit of 803715347?
1
What is the hundred thousands digit of 313983028?
9
What is the units digit of 59475143?
3
What is the thousands digit of 2697011333?
1
What is the millions digit of 302063873?
2
What is the hundred thousands digit of 1260722540?
7
What is the hundred millions digit of 984209873?
9
What is the units digit of 1218619011?
1
What is the thousands digit of 65846633?
6
What is the hundreds digit of 154989345?
3
What is the ten thousands digit of 104146743?
4
What is the ten thousands digit of 85031296?
3
What is the billions digit of 2176318756?
2
What is the ten millions digit of 220773196?
2
What is the hundred millions digit of 8266103498?
2
What is the ten millions digit of 337415765?
3
What is the hundred thousands digit of 163302463?
3
What is the hundred thousands digit of 90528701?
5
What is the hundred millions digit of 4618990477?
6
What is the hundreds digit of 3365597876?
8
What is the tens digit of 199566026?
2
What is the tens digit of 48886727?
2
What is the millions digit of 38763718?
8
What is the hundreds digit of 1765753669?
6
What is the tens digit of 2425729245?
4
What is the tens digit of 690159587?
8
What is the ten thousands digit of 1372103499?
0
What is the hundreds digit of 94295049?
0
What is the hundreds digit of 35001708?
7
What is the ten thousands digit of 172415432?
1
What is the thousands digit of 76938174?
8
What is the tens digit of 1292932?
3
What is the millions digit of 31132491?
1
What is the hundred thousands digit of 697932619?
9
What is the hundreds digit of 262138120?
1
What is the units digit of 248648271?
1
What is the hundreds digit of 41762775?
7
What is the ten thousands digit of 167646460?
4
What is the hundred thousands digit of 6069803902?
8
What is the thousands digit of 544686396?
6
What is the thousands digit of 69962890?
2
What is the units digit of 324372402?
2
What is the ten millions digit of 1585315691?
8
What is the ten thousands digit of 1144965294?
6
What is the ten thousands digit of 3373948935?
4
What is the ten millions digit of 160007097?
6
What is the hundreds digit of 500706564?
5
What is the units digit of 40241707?
7
What is the millions digit of 170197554?
0
What is the ten millions digit of 19298553?
1
What is the ten thousands digit of 2182057035?
5
What is the hundred millions digit of 402197976?
4
What is the hundreds digit of 186238997?
9
What is the ten millions digit of 22503942?
2
What is the hundred millions digit of 2050472396?
0
What is the millions digit of 79634802?
9
What is the ten thousands digit of 323713710?
1
What is the tens digit of 370631973?
7
What is the hundreds digit of 50901749?
7
What is the tens digit of 684060686?
8
What is the units digit of 173107507?
7
What is the thousands digit of 4939738?
9
What is the billions digit of 1101683177?
1
What is the ten millions digit of 125446454?
2
What is the hundred thousands digit of 1266835671?
8
What is the ten thousands digit of 2998920658?
2
What is the ten thousands digit of 2795816258?
1
What is the hundred thousands digit of 243373538?
3
What is the units digit of 931735097?
7
What is the ten thousands digit of 214440477?
4
What is the tens digit of 35269345?
4
What is the units digit of 90526129?
9
What is the thousands digit of 106533515?
3
What is the thousands digit of 5114619438?
9
What is the ten millions digit of 520125683?
2
What is the ten millions digit of 65146819?
6
What is the hundred thousands digit of 54397819?
3
What is the units digit of 81774603?
3
What is the millions digit of 1101450307?
1
What is the hundred millions digit of 2848727321?
8
What is the tens digit of 23421016?
1
What is the millions digit of 2688343681?
8
What is the ten millions digit of 926146422?
2
What is the hundred thousands digit of 568101467?
1
What is the ten millions digit of 2074698086?
7
What is the billions digit of 3270315603?
3
What is the hundred millions digit of 137114494?
1
What is the ten millions digit of 68898360?
6
What is the ten millions digit of 547085342?
4
What is the hundred millions digit of 214774925?
2
What is the hundred millions digit of 614074504?
6
What is the tens digit of 614457630?
3
What is the ten millions digit of 54964260?
5
What is the hundred thousands digit of 21427842?
4
What is the billions digit of 4128415570?
4
What is the ten millions digit of 59575808?
5
What is the millions digit of 6490499?
6
What is the hundred millions digit of 445926725?
4
What is the ten thousands digit of 279880345?
8
What is the hundreds digit of 557349247?
2
What is the ten thousands digit of 1157435877?
3
What is the tens digit of 79647114?
1
What is the ten millions digit of 301395264?
0
What is the hundred millions digit of 5514070404?
5
What is the hundred millions digit of 949778673?
9
What is the ten thousands digit of 138009906?
0
What is the millions digit of 388467884?
8
What is the units digit of 882436012?
2
What is the millions digit of 36306565?
6
What is the millions digit of 425254002?
5
What is the units digit of 9422825?
5
What is the ten millions digit of 600354829?
0
What is the ten thousands digit of 100165986?
6
What is the ten thousands digit of 63158363?
5
What is the millions digit of 2610818304?
0
What is the tens digit of 14738193?
9
What is the ten thousands digit of 42740006?
4
What is the hundred millions digit of 1349670492?
3
What is the hundreds digit of 3990831925?
9
What is the millions digit of 62141249?
2
What is the millions digit of 398494106?
8
What is the hundred millions digit of 877193638?
8
What is the hundred thousands digit of 59478600?
4
What is the millions digit of 94945960?
4
What is the tens digit of 7116968867?
6
What is the hundreds digit of 10559031?
0
What is the tens digit of 1598873023?
2
What is the hundred thousands digit of 58856572?
8
What is the ten thousands digit of 143763566?
6
What is the millions digit of 54358969?
4
What is the hundred thousands digit of 146302585?
3
What is the units digit of 1342153003?
3
What is the tens digit of 1143860389?
8
What is the ten millions digit of 53644206?
5
What is the ten thousands digit of 60090039?
9
What is the tens digit of 1621315179?
7
What is the thousands digit of 688007504?
7
What is the millions digit of 334359010?
4
What is the millions digit of 126554856?
6
What is the ten millions digit of 1550158901?
5
What is the millions digit of 100516856?
0
What is the tens digit of 797528960?
6
What is the units digit of 205341494?
4
What is the millions digit of 74169805?
4
What is the hundred thousands digit of 1271185804?
1
What is the hundred thousands digit of 39736507?
7
What is the ten millions digit of 20899633?
2
What is the thousands digit of 454421917?
1
What is the thousands digit of 103949578?
9
What is the hundred millions digit of 645245271?
6
What is the hundred millions digit of 137904614?
1
What is the hundred millions digit of 937176386?
9
What is the hundreds digit of 334953091?
0
What is the ten thousands digit of 2527319235?
1
What is the ten millions digit of 413498232?
1
What is the ten millions digit of 5376882599?
7
What is the tens digit of 916519009?
0
What is the units di